[INFO] fetching crate pueue 3.1.2...
[INFO] checking pueue-3.1.2 against master#e6e4f7ed1589e03bc2f6c5931c1a72e7947e8682 for beta-170-4
[INFO] extracting crate pueue 3.1.2 into /workspace/builds/worker-2-tc2/source
[INFO] validating manifest of crates.io crate pueue 3.1.2 on toolchain e6e4f7ed1589e03bc2f6c5931c1a72e7947e8682
[INFO] running `Command { std: CARGO_HOME="/workspace/cargo-home" RUSTUP_HOME="/workspace/rustup-home" "/workspace/cargo-home/bin/cargo" "+e6e4f7ed1589e03bc2f6c5931c1a72e7947e8682" "metadata" "--manifest-path" "Cargo.toml" "--no-deps", kill_on_drop: false }`
[INFO] started tweaking crates.io crate pueue 3.1.2
[INFO] finished tweaking crates.io crate pueue 3.1.2
[INFO] tweaked toml for crates.io crate pueue 3.1.2 written to /workspace/builds/worker-2-tc2/source/Cargo.toml
[INFO] crate crates.io crate pueue 3.1.2 already has a lockfile, it will not be regenerated
[INFO] running `Command { std: CARGO_HOME="/workspace/cargo-home" RUSTUP_HOME="/workspace/rustup-home" "/workspace/cargo-home/bin/cargo" "+e6e4f7ed1589e03bc2f6c5931c1a72e7947e8682" "fetch" "--manifest-path" "Cargo.toml", kill_on_drop: false }`
[INFO] running `Command { std: "docker" "create" "-v" "/var/lib/crater-agent-workspace/builds/worker-2-tc2/target:/opt/rustwide/target:rw,Z" "-v" "/var/lib/crater-agent-workspace/builds/worker-2-tc2/source:/opt/rustwide/workdir:ro,Z" "-v" "/var/lib/crater-agent-workspace/cargo-home:/opt/rustwide/cargo-home:ro,Z" "-v" "/var/lib/crater-agent-workspace/rustup-home:/opt/rustwide/rustup-home:ro,Z" "-e" "SOURCE_DIR=/opt/rustwide/workdir" "-e" "CARGO_TARGET_DIR=/opt/rustwide/target" "-e" "CARGO_HOME=/opt/rustwide/cargo-home" "-e" "RUSTUP_HOME=/opt/rustwide/rustup-home" "-w" "/opt/rustwide/workdir" "-m" "1610612736" "--user" "0:0" "--network" "none" "ghcr.io/rust-lang/crates-build-env/linux@sha256:19e73879b68f455e41552ea35293514db52ea292d993f571636dbffedb77a1ee" "/opt/rustwide/cargo-home/bin/cargo" "+e6e4f7ed1589e03bc2f6c5931c1a72e7947e8682" "metadata" "--no-deps" "--format-version=1", kill_on_drop: false }`
[INFO] [stdout] 97e124c7c1792764a7a48d1642157b0550226cb9ebbf472d5508de36b09b482d
[INFO] running `Command { std: "docker" "start" "-a" "97e124c7c1792764a7a48d1642157b0550226cb9ebbf472d5508de36b09b482d", kill_on_drop: false }`
[INFO] running `Command { std: "docker" "inspect" "97e124c7c1792764a7a48d1642157b0550226cb9ebbf472d5508de36b09b482d", kill_on_drop: false }`
[INFO] running `Command { std: "docker" "rm" "-f" "97e124c7c1792764a7a48d1642157b0550226cb9ebbf472d5508de36b09b482d", kill_on_drop: false }`
[INFO] [stdout] 97e124c7c1792764a7a48d1642157b0550226cb9ebbf472d5508de36b09b482d
[INFO] running `Command { std: "docker" "create" "-v" "/var/lib/crater-agent-workspace/builds/worker-2-tc2/target:/opt/rustwide/target:rw,Z" "-v" "/var/lib/crater-agent-workspace/builds/worker-2-tc2/source:/opt/rustwide/workdir:ro,Z" "-v" "/var/lib/crater-agent-workspace/cargo-home:/opt/rustwide/cargo-home:ro,Z" "-v" "/var/lib/crater-agent-workspace/rustup-home:/opt/rustwide/rustup-home:ro,Z" "-e" "SOURCE_DIR=/opt/rustwide/workdir" "-e" "CARGO_TARGET_DIR=/opt/rustwide/target" "-e" "CARGO_INCREMENTAL=0" "-e" "RUST_BACKTRACE=full" "-e" "RUSTFLAGS=--cap-lints=forbid" "-e" "RUSTDOCFLAGS=--cap-lints=forbid" "-e" "CARGO_HOME=/opt/rustwide/cargo-home" "-e" "RUSTUP_HOME=/opt/rustwide/rustup-home" "-w" "/opt/rustwide/workdir" "-m" "1610612736" "--user" "0:0" "--network" "none" "ghcr.io/rust-lang/crates-build-env/linux@sha256:19e73879b68f455e41552ea35293514db52ea292d993f571636dbffedb77a1ee" "/opt/rustwide/cargo-home/bin/cargo" "+e6e4f7ed1589e03bc2f6c5931c1a72e7947e8682" "check" "--frozen" "--all" "--all-targets" "--message-format=json", kill_on_drop: false }`
[INFO] [stdout] e2dd48b99ca782883158f88700551b0e89b4230c745186b838e6610c93af5b33
[INFO] running `Command { std: "docker" "start" "-a" "e2dd48b99ca782883158f88700551b0e89b4230c745186b838e6610c93af5b33", kill_on_drop: false }`
[INFO] [stderr]    Compiling libc v0.2.139
[INFO] [stderr]    Compiling proc-macro2 v1.0.51
[INFO] [stderr]    Compiling quote v1.0.23
[INFO] [stderr]    Compiling unicode-ident v1.0.6
[INFO] [stderr]    Compiling syn v1.0.109
[INFO] [stderr]    Compiling autocfg v1.1.0
[INFO] [stderr]    Compiling memchr v2.5.0
[INFO] [stderr]     Checking cfg-if v1.0.0
[INFO] [stderr]    Compiling cc v1.0.79
[INFO] [stderr]     Checking bitflags v1.3.2
[INFO] [stderr]    Compiling log v0.4.17
[INFO] [stderr]     Checking once_cell v1.17.1
[INFO] [stderr]    Compiling io-lifetimes v1.0.5
[INFO] [stderr]    Compiling thiserror v1.0.38
[INFO] [stderr]    Compiling glob v0.3.1
[INFO] [stderr]    Compiling rustix v0.36.8
[INFO] [stderr]    Compiling version_check v0.9.4
[INFO] [stderr]    Compiling serde v1.0.152
[INFO] [stderr]    Compiling clang-sys v1.6.0
[INFO] [stderr]     Checking linux-raw-sys v0.1.4
[INFO] [stderr]     Checking itoa v1.0.5
[INFO] [stderr]    Compiling ring v0.16.20
[INFO] [stderr]     Checking pin-project-lite v0.2.9
[INFO] [stderr]     Checking untrusted v0.7.1
[INFO] [stderr]     Checking lazy_static v1.4.0
[INFO] [stderr]    Compiling minimal-lexical v0.2.1
[INFO] [stderr]     Checking spin v0.5.2
[INFO] [stderr]    Compiling proc-macro-error-attr v1.0.4
[INFO] [stderr]     Checking mio v0.8.6
[INFO] [stderr]    Compiling nom v7.1.3
[INFO] [stderr]    Compiling aho-corasick v0.7.20
[INFO] [stderr]    Compiling libloading v0.7.4
[INFO] [stderr]    Compiling num-traits v0.2.15
[INFO] [stderr]    Compiling regex-syntax v0.6.28
[INFO] [stderr]    Compiling time-core v0.1.0
[INFO] [stderr]    Compiling heck v0.4.1
[INFO] [stderr]    Compiling bindgen v0.64.0
[INFO] [stderr]    Compiling cexpr v0.6.0
[INFO] [stderr]    Compiling time-macros v0.2.8
[INFO] [stderr]    Compiling proc-macro-error v1.0.4
[INFO] [stderr]    Compiling regex v1.7.1
[INFO] [stderr]    Compiling num-integer v0.1.45
[INFO] [stderr]    Compiling lock_api v0.4.9
[INFO] [stderr]    Compiling rustc-hash v1.1.0
[INFO] [stderr]    Compiling rustversion v1.0.11
[INFO] [stderr]    Compiling signal-hook v0.3.15
[INFO] [stderr]    Compiling ucd-trie v0.1.5
[INFO] [stderr]    Compiling lazycell v1.3.0
[INFO] [stderr]    Compiling shlex v1.1.0
[INFO] [stderr]     Checking num_threads v0.1.6
[INFO] [stderr]    Compiling parking_lot_core v0.9.7
[INFO] [stderr]    Compiling peeking_take_while v0.1.2
[INFO] [stderr]     Checking getrandom v0.2.8
[INFO] [stderr]     Checking time v0.3.20
[INFO] [stderr]     Checking signal-hook-registry v1.4.1
[INFO] [stderr]    Compiling indexmap v1.9.2
[INFO] [stderr]    Compiling tokio v1.25.0
[INFO] [stderr]     Checking smallvec v1.10.0
[INFO] [stderr]    Compiling semver v1.0.16
[INFO] [stderr]     Checking scopeguard v1.1.0
[INFO] [stderr]    Compiling rustls v0.20.8
[INFO] [stderr]    Compiling futures-core v0.3.26
[INFO] [stderr]     Checking static_assertions v1.1.0
[INFO] [stderr]    Compiling serde_json v1.0.93
[INFO] [stderr]     Checking ryu v1.0.12
[INFO] [stderr]     Checking termcolor v1.1.3
[INFO] [stderr]     Checking nix v0.26.2
[INFO] [stderr]     Checking rand_core v0.6.4
[INFO] [stderr]     Checking webpki v0.22.0
[INFO] [stderr]     Checking sct v0.7.0
[INFO] [stderr]     Checking is-terminal v0.4.4
[INFO] [stderr]     Checking time v0.1.45
[INFO] [stderr]     Checking dirs-sys v0.3.7
[INFO] [stderr]     Checking socket2 v0.4.7
[INFO] [stderr]    Compiling thiserror-impl v1.0.38
[INFO] [stderr]    Compiling tokio-macros v1.8.2
[INFO] [stderr]     Checking num_cpus v1.15.0
[INFO] [stderr]    Compiling slab v0.4.8
[INFO] [stderr]     Checking ppv-lite86 v0.2.17
[INFO] [stderr]     Checking base64 v0.13.1
[INFO] [stderr]     Checking bytes v1.4.0
[INFO] [stderr]    Compiling snap v1.1.0
[INFO] [stderr]    Compiling serde_derive v1.0.152
[INFO] [stderr]    Compiling futures-task v0.3.26
[INFO] [stderr]    Compiling async-trait v0.1.64
[INFO] [stderr]    Compiling procfs v0.14.2
[INFO] [stderr]    Compiling anyhow v1.0.69
[INFO] [stderr]     Checking hashbrown v0.12.3
[INFO] [stderr]     Checking iana-time-zone v0.1.53
[INFO] [stderr]    Compiling futures-channel v0.3.26
[INFO] [stderr]     Checking os_str_bytes v6.4.1
[INFO] [stderr]     Checking chrono v0.4.23
[INFO] [stderr]     Checking clap_lex v0.3.2
[INFO] [stderr]    Compiling strum_macros v0.24.3
[INFO] [stderr]     Checking rand_chacha v0.3.1
[INFO] [stderr]     Checking pem v1.1.1
[INFO] [stderr]     Checking dirs v4.0.0
[INFO] [stderr]    Compiling clap_derive v4.1.0
[INFO] [stderr]     Checking signal-hook-mio v0.2.3
[INFO] [stderr]     Checking parking_lot v0.12.1
[INFO] [stderr]    Compiling pest v2.5.5
[INFO] [stderr]     Checking yasna v0.5.1
[INFO] [stderr]     Checking errno v0.2.8
[INFO] [stderr]     Checking strum v0.24.1
[INFO] [stderr]     Checking unsafe-libyaml v0.2.5
[INFO] [stderr]     Checking hex v0.4.3
[INFO] [stderr]    Compiling pest_meta v2.5.5
[INFO] [stderr]     Checking half v1.8.2
[INFO] [stderr]     Checking regex-automata v0.1.10
[INFO] [stderr]     Checking strsim v0.10.0
[INFO] [stderr]     Checking futures-sink v0.3.26
[INFO] [stderr]     Checking base64 v0.21.0
[INFO] [stderr]    Compiling futures-util v0.3.26
[INFO] [stderr]     Checking byteorder v1.4.3
[INFO] [stderr]     Checking serde_yaml v0.9.17
[INFO] [stderr]    Compiling pest_generator v2.5.5
[INFO] [stderr]     Checking rustls-pemfile v1.0.2
[INFO] [stderr]     Checking tokio-rustls v0.23.4
[INFO] [stderr]     Checking serde_cbor v0.11.2
[INFO] [stderr]     Checking rcgen v0.10.0
[INFO] [stderr]     Checking clap v4.1.6
[INFO] [stderr]    Compiling rustc_version v0.4.0
[INFO] [stderr]     Checking crossterm v0.25.0
[INFO] [stderr]     Checking rand v0.8.5
[INFO] [stderr]     Checking shellexpand v3.0.0
[INFO] [stderr]    Compiling libproc v0.13.0
[INFO] [stderr]    Compiling pest_derive v2.5.5
[INFO] [stderr]     Checking command-group v2.0.1
[INFO] [stderr]    Compiling futures-macro v0.3.26
[INFO] [stderr]     Checking rev_buf_reader v0.3.0
[INFO] [stderr]     Checking whoami v1.3.0
[INFO] [stderr]     Checking fastrand v1.9.0
[INFO] [stderr]     Checking futures-io v0.3.26
[INFO] [stderr]     Checking pin-utils v0.1.0
[INFO] [stderr]     Checking unicode-width v0.1.10
[INFO] [stderr]     Checking scanlex v0.1.4
[INFO] [stderr]     Checking tempfile v3.4.0
[INFO] [stderr]     Checking comfy-table v6.1.4
[INFO] [stderr]     Checking chrono-english v0.1.7
[INFO] [stderr]     Checking clap_complete v4.1.3
[INFO] [stderr]    Compiling rstest_macros v0.16.0
[INFO] [stderr]     Checking ctrlc v3.2.5
[INFO] [stderr]     Checking simplelog v0.12.0
[INFO] [stderr]    Compiling backtrace v0.3.67
[INFO] [stderr]     Checking handlebars v4.3.6
[INFO] [stderr]     Checking either v1.8.1
[INFO] [stderr]     Checking gimli v0.27.2
[INFO] [stderr]     Checking shell-escape v0.1.5
[INFO] [stderr]     Checking predicates-core v1.0.5
[INFO] [stderr]    Compiling doc-comment v0.3.3
[INFO] [stderr]     Checking adler v1.0.2
[INFO] [stderr]     Checking miniz_oxide v0.6.2
[INFO] [stderr]     Checking itertools v0.10.5
[INFO] [stderr]     Checking bstr v0.2.17
[INFO] [stderr]     Checking console v0.15.5
[INFO] [stderr]     Checking object v0.30.3
[INFO] [stderr]     Checking unicode-segmentation v1.10.1
[INFO] [stderr]     Checking difflib v0.4.0
[INFO] [stderr]     Checking termtree v0.4.0
[INFO] [stderr]     Checking rustc-demangle v0.1.21
[INFO] [stderr]     Checking predicates-tree v1.0.7
[INFO] [stderr]     Checking similar v2.2.1
[INFO] [stderr]     Checking predicates v2.1.5
[INFO] [stderr]     Checking bstr v1.3.0
[INFO] [stderr]     Checking wait-timeout v0.2.0
[INFO] [stderr]     Checking humantime v2.1.0
[INFO] [stderr]     Checking yansi v0.5.1
[INFO] [stderr]     Checking addr2line v0.19.0
[INFO] [stderr]     Checking diff v0.1.13
[INFO] [stderr]     Checking futures-timer v3.0.2
[INFO] [stderr]     Checking pretty_assertions v1.3.0
[INFO] [stderr]     Checking assert_cmd v2.0.8
[INFO] [stderr]     Checking similar-asserts v1.4.2
[INFO] [stderr]    Compiling test-log v0.2.11
[INFO] [stderr]     Checking futures-executor v0.3.26
[INFO] [stderr]     Checking futures v0.3.26
[INFO] [stderr]     Checking pueue-lib v0.21.3
[INFO] [stderr]     Checking better-panic v0.3.0
[INFO] [stderr]     Checking env_logger v0.10.0
[INFO] [stderr]     Checking rstest v0.16.0
[INFO] [stderr]     Checking pueue v3.1.2 (/opt/rustwide/workdir)
[INFO] [stdout] error[E0170]: pattern binding `column` is named the same as one of the variants of the type `client::query::Rule`
[INFO] [stdout]   --> src/client/query/filters.rs:72:9
[INFO] [stdout]    |
[INFO] [stdout] 72 |     let column = column.as_rule();
[INFO] [stdout]    |         ^^^^^^
[INFO] [stdout]    |
[INFO] [stdout]    = note: `#[deny(bindings_with_variant_name)]` on by default
[INFO] [stdout] 
[INFO] [stdout] 
[INFO] [stdout] error[E0170]: pattern binding `column` is named the same as one of the variants of the type `client::query::Rule`
[INFO] [stdout]   --> src/client/query/order_by.rs:72:9
[INFO] [stdout]    |
[INFO] [stdout] 72 |     let column = column_keyword.into_inner().next().unwrap().as_rule();
[INFO] [stdout]    |         ^^^^^^
[INFO] [stdout] 
[INFO] [stdout] 
[INFO] [stdout] error[E0170]: pattern binding `column` is named the same as one of the variants of the type `client::query::Rule`
[INFO] [stdout]   --> src/client/query/filters.rs:72:9
[INFO] [stdout]    |
[INFO] [stdout] 72 |     let column = column.as_rule();
[INFO] [stdout]    |         ^^^^^^
[INFO] [stdout]    |
[INFO] [stdout]    = note: `#[deny(bindings_with_variant_name)]` on by default
[INFO] [stdout] 
[INFO] [stdout] 
[INFO] [stdout] error[E0170]: pattern binding `column` is named the same as one of the variants of the type `client::query::Rule`
[INFO] [stdout]   --> src/client/query/order_by.rs:72:9
[INFO] [stdout]    |
[INFO] [stdout] 72 |     let column = column_keyword.into_inner().next().unwrap().as_rule();
[INFO] [stdout]    |         ^^^^^^
[INFO] [stdout] 
[INFO] [stdout] 
[INFO] [stdout] warning: variable does not need to be mutable
[INFO] [stdout]   --> src/daemon/task_handler/finish_task.rs:36:25
[INFO] [stdout]    |
[INFO] [stdout] 36 |                     let mut task = state.tasks.get_mut(task_id).unwrap();
[INFO] [stdout]    |                         ----^^^^
[INFO] [stdout]    |                         |
[INFO] [stdout]    |                         help: remove this `mut`
[INFO] [stdout]    |
[INFO] [stdout]    = note: `#[warn(unused_mut)]` on by default
[INFO] [stdout] 
[INFO] [stdout] 
[INFO] [stdout] warning: variable does not need to be mutable
[INFO] [stdout]   --> src/daemon/task_handler/finish_task.rs:79:21
[INFO] [stdout]    |
[INFO] [stdout] 79 |                 let mut task = state
[INFO] [stdout]    |                     ----^^^^
[INFO] [stdout]    |                     |
[INFO] [stdout]    |                     help: remove this `mut`
[INFO] [stdout] 
[INFO] [stdout] 
[INFO] [stdout] warning: variable does not need to be mutable
[INFO] [stdout]   --> src/daemon/task_handler/messages/group.rs:33:21
[INFO] [stdout]    |
[INFO] [stdout] 33 |                 let mut group = state.create_group(&name);
[INFO] [stdout]    |                     ----^^^^^
[INFO] [stdout]    |                     |
[INFO] [stdout]    |                     help: remove this `mut`
[INFO] [stdout] 
[INFO] [stdout] 
[INFO] [stdout] error: aborting due to 2 previous errors; 3 warnings emitted
[INFO] [stdout] 
[INFO] [stdout] 
[INFO] [stdout] For more information about this error, try `rustc --explain E0170`.
[INFO] [stdout] 
[INFO] [stderr] error: could not compile `pueue` (lib) due to 3 previous errors; 3 warnings emitted
[INFO] [stdout] warning: variable does not need to be mutable
[INFO] [stdout]   --> src/daemon/task_handler/finish_task.rs:36:25
[INFO] [stdout]    |
[INFO] [stdout] 36 |                     let mut task = state.tasks.get_mut(task_id).unwrap();
[INFO] [stdout]    |                         ----^^^^
[INFO] [stdout]    |                         |
[INFO] [stdout]    |                         help: remove this `mut`
[INFO] [stdout]    |
[INFO] [stdout]    = note: `#[warn(unused_mut)]` on by default
[INFO] [stdout] 
[INFO] [stdout] 
[INFO] [stderr] warning: build failed, waiting for other jobs to finish...
[INFO] [stdout] warning: variable does not need to be mutable
[INFO] [stdout]   --> src/daemon/task_handler/finish_task.rs:79:21
[INFO] [stdout]    |
[INFO] [stdout] 79 |                 let mut task = state
[INFO] [stdout]    |                     ----^^^^
[INFO] [stdout]    |                     |
[INFO] [stdout]    |                     help: remove this `mut`
[INFO] [stdout] 
[INFO] [stdout] 
[INFO] [stdout] warning: variable does not need to be mutable
[INFO] [stdout]   --> src/daemon/task_handler/messages/group.rs:33:21
[INFO] [stdout]    |
[INFO] [stdout] 33 |                 let mut group = state.create_group(&name);
[INFO] [stdout]    |                     ----^^^^^
[INFO] [stdout]    |                     |
[INFO] [stdout]    |                     help: remove this `mut`
[INFO] [stdout] 
[INFO] [stdout] 
[INFO] [stdout] error: aborting due to 2 previous errors; 3 warnings emitted
[INFO] [stdout] 
[INFO] [stdout] 
[INFO] [stdout] For more information about this error, try `rustc --explain E0170`.
[INFO] [stdout] 
[INFO] [stderr] error: could not compile `pueue` (lib test) due to 3 previous errors; 3 warnings emitted
[INFO] running `Command { std: "docker" "inspect" "e2dd48b99ca782883158f88700551b0e89b4230c745186b838e6610c93af5b33", kill_on_drop: false }`
[INFO] running `Command { std: "docker" "rm" "-f" "e2dd48b99ca782883158f88700551b0e89b4230c745186b838e6610c93af5b33", kill_on_drop: false }`
[INFO] [stdout] e2dd48b99ca782883158f88700551b0e89b4230c745186b838e6610c93af5b33
